t is -130576 - -107?
-130469
In base 3, what is 11200 - 1122222100102?
-1122222011202
In base 5, what is -232043 + -42331?
-324424
In base 11, what is -37061a9 + -7?
-3706205
In base 2, what is -110001 + -111111111000000100101?
-111111111000001010110
In base 16, what is 3b + de331?
de36c
In base 14, what is 5 + 14b062?
14b067
In base 8, what is -472230 + 2647?
-467361
In base 15, what is 1b0ea9d - 2?
1b0ea9b
In base 6, what is -112411531 + 0?
-112411531
In base 5, what is 34020114440 + 0?
34020114440
In base 12, what is -8 - -24927aa?
24927a2
In base 2, what is -1001111011100010 - -101111000000?
-1001001100100010
In base 12, what is 15738 - 994?
14964
In base 16, what is -119c537 - 5?
-119c53c
In base 4, what is 10111 + -21220331?
-21210220
In base 11, what is -5 - 7395332?
-7395337
In base 8, what is 4 + 43474600?
43474604
In base 12, what is 938 + -2592?
-1856
In base 7, what is -4311556565 + 5?
-4311556560
In base 14, what is 4 - 679618?
-679614
In base 9, what is -1166 + 7075?
5808
In base 3, what is -11 - 1002112020122?
-1002112020210
In base 4, what is 300 - 222322003?
-222321103
In base 2, what is 1 - 11001010000000001?
-11001010000000000
In base 14, what is -32c9d4b + -3?
-32c9d50
In base 9, what is -4 + 36024216?
36024212
In base 12, what is -b0089 + -1?
-b008a
In base 6, what is 111 + 21514111?
21514222
In base 13, what is 16 - -692a9a?
692ab3
In base 9, what is -20 - -5804027?
5804007
In base 10, what is -53 - -35778?
35725
In base 12, what is 2bb295 - -21?
2bb2b6
In base 5, what is 3034213 - -101302?
3141020
In base 16, what is -3 + -5432e5?
-5432e8
In base 7, what is -13025 + -43?
-13101
In base 14, what is -11a26 + 2d0?
-11736
In base 5, what is 240 + 44442302?
44443042
In base 5, what is -10042 + 104232103?
104222011
In base 11, what is -44a34a4 + 15?
-44a348a
In base 13, what is -22888 + 1021?
-21867
In base 7, what is -2651611 - -216?
-2651362
In base 10, what is -409087 + -12?
-409099
In base 7, what is -12 - -313313464?
313313452
In base 11, what is -229088505 - 0?
-229088505
In base 15, what is -36 - -a7e2ce?
a7e298
In base 15, what is bd4 - -43c7?
50ab
In base 3, what is -110111220001 + 10101?
-110111202200
In base 15, what is 660 + 38c6?
4036
In base 4, what is -112101030133222 - 10?
-112101030133232
In base 3, what is -10121211 - 1022000102?
-1102122020
In base 6, what is -3112 - -5313425?
5310313
In base 8, what is 100 - -14033?
14133
In base 9, what is -4244 - 1587?
-5842
In base 7, what is 11626634 - 2?
11626632
In base 12, what is -2429b + 0?
-2429b
In base 9, what is 2 - 438786725?
-438786723
In base 10, what is 71733 + 695?
72428
In base 14, what is -2ca6 - -1a26?
-1280
In base 12, what is -431817 - -6?
-431811
In base 3, what is 20221010021 - -21101?
20221101122
In base 12, what is 820 + -5212?
-45b2
In base 15, what is -9d93 + -9e?
-9e42
In base 4, what is 12020 - 12220331?
-12202311
In base 6, what is 215004401 - -14?
215004415
In base 6, what is -43 - 1320143140?
-1320143223
In base 12, what is -127 + -5426b?
-54396
In base 3, what is -22220102101 + -21?
-22220102122
In base 14, what is -3c46 - 1450c?
-18354
In base 10, what is 43102 - -220?
43322
In base 6, what is 110241 + -253133?
-142452
In base 12, what is -2 + 64310012?
64310010
In base 3, what is 10221221112210 + 11?
10221221112221
In base 11, what is -399137 - -43?
-3990a4
In base 14, what is 67a5 - -53a?
6d01
In base 4, what is -1313 - -1000120?
332201
In base 13, what is 28789a07 - -9?
28789a13
In base 16, what is d60da - 59?
d6081
In base 2, what is 1101011 + 10101111000010111?
10101111010000010
In base 10, what is -4143781 - 47?
-4143828
In base 2, what is 101 - 10000100101100101100?
-10000100101100100111
In base 11, what is -1153 + -9072?
-a215
In base 8, what is -344 - -2155731?
2155365
In base 6, what is -10201502 + 4?
-10201454
In base 11, what is -1155 + 235a4?
2244a
In base 13, what is -106448 - -33?
-106415
In base 6, what is 15251021552 - 1?
15251021551
In base 11, what is -4205 - 6?
-4210
In base 3, what is 20 - -10200112111012000?
10200112111012020
In base 11, what is 307 + -8aa418?
-8aa111
In base 9, what is 113306 + 146?
113453
In base 5, what is 13 - -4000412314?
4000412332
In base 14, what is -36ca - 11d8?
-48c4
In base 7, what is 642 - -413126?
414101
In base 16, what is -a2 + 21f90?
21eee
In base 4, what is 1220 - 3303202201?
-3303200321
In base 5, what is 311334 - 224343?
31441
In base 5, what is 10 + 422014222?
422014232
In base 15, what is -5430eb + 1?
-5430ea
In base 2, what is -11 - -10101001110111111011001111?
10101001110111111011001100
In base 9, what is 5646524 + -177?
5646336
In base 16, what is -eea724 - 1?
-eea725
In base 6, what is -1332 + 10514411?
10513035
In base 10, what is 5989531 + 2?
5989533
In base 5, what is -340134334 - 3?
-340134342
In base 15, what is 7e - 273cd?
-2734e
In base 10, what is 6406 + -13692?
-7286
In base 6, what is -15230 - 5330?
-25000
In base 3, what is -200110211 + 1201222?
-121201212
In base 11, what is 1 - 25166220?
-2516621a
In base 13, what is -a80c157c - 0?
-a80c157c
In base 12, what is 3 - -4b9733?
4b9736
In base 8, what is 15367543 - 20?
15367523
In base 8, what is 42163324 + 2?
42163326
In base 14, what is 62d - -354d?
3b7c
In base 8, what is 5 - -12626472?
12626477
In base 7, what is 24221 - -1310?
25531
In base 11, what is -a41469 + 26?
-a41443
In base 5, what is -3212034103 - 14?
-3212034122
In base 5, what is 1200413 - 101?
1200312
In base 8, what is -64615612 + 5?
-64615605
In base 14, what is -d249 + -3937?
-12b82
In base 12, what is 7 + 10053a?
100545
In base 12, what is -96a - 5b00b?
-5b979
In base 7, what is 64006423 - 4?
64006416
In base 4, what is -31030201201 - 0?
-31030201201
In base 14, what is 362769 + -2?
362767
In base 2, what is -11 - 11110001000011011100001?
-11110001000011011100100
In base 3, what is -112211 - -200202?
10221
In base 16, what is 14fec + 969?
15955
In base 5, what is -20100311 + 122?
-20100134
In base 9, what is 0 - -8645612?
8645612
In base 3, what is -101100102122211 - 1121?
-101100102201102
In base 6, what is 2201 - 11550?
-5345
In base 10, what is 55778 + 61?
55839
In base 3, what is -102202120022220 - -1210?
-102202120021010
In base 4, what is 11210103202233 + 1?
11210103202300
In base 9, what is -18 + 8237701?
8237672
In base 11, what is 10454a - 57?
1044a3
In base 13, what is -37b + -1b04b?
-1b3c9
In base 2, what is 1100110100001101 - 1011010?
1100110010110011
In base 13, what is -a54 - -79109?
78385
In base 10, what is 1 + 1283711?
1283712
In base 8, what is -27014 - 51412?
-100426
In base 16, what is -11a65a + -5?
-11a65f
In base 10, what is -431202 + 109?
-431093
In base 14, what is 652 - bcaa?
-b658
In base 6, what is 0 - -115305153?
115305153
In base 11, what is -61827461 + 6?
-61827456
In base 10, what is 305 + 30525?
30830
In base 7, what is 3 + -11456431?
-11456425
In base 13, what is -7bb33 - 13?
-7bb46
In base 10, what is -1 + -797860?
-797861
In base 9, what is -18 + 7228185?
7228166
In base 7, what is 2 + 133211246?
133211251
In base 16, what is -5 + -3fd701f?
-3fd7024
In base 14, what is -193912a0 - -2?
-1939129c
In base 16, what is 414c968 + -3?
414c965
In base 8, what is -220 - -61217?
60777
In base 8, what is -134 + 40427?
40273
In base 14, what is -9077cd - -10?
-9077bd
In base 6, what is -23444 - -241010?
213122
In base 14, what is -a423c1 + -4?
-a423c5
In base 7, what is -604 + 105655?
105051
In base 8, what is 42651615 + -7?
42651606
In base 11, what is 6287114 + -3?
6287111
In base 13, what is 7 - 997c2?
-997b8
In base 12, what is 1a37 - -4611?
6448
In base 12, what is -271 - 6b72?
-7223
In base 16, what is 11d3 + -6801?
-562e
In base 5, what is -13114311 - -23043?
-13041213
In base 5, what is 142 - 1311030?
-1310333
In base 16, what is e - 1cbb48e?
-1cbb480
In base 10, what is 107837973 - -5?
107837978
In base 15, what is 404e9c8 + -2?
404e9c6
In base 6, what is 0 + -235334052?
-235334052
In base 5, what is -22241003 + 444?
-22240004
In base 11, what is 60 + -34025?
-33a75
In base 8, what is 53 - -204234?
204307
In base 7, what is 14204 - 111?
14063
In base 6, what is 11515013 + 0?
11515013
In base 2, what is 10100101000001100011100111 - -100?
10100101000001100011101011
In base 6, what is -400354 - 402430?
-1203224
In